the greatest common divisor of 5 and q?
5
Suppose -7 + 5 = 5*l + 4*x, -5*l + 16 = -2*x. What is the highest common divisor of 10 and l?
2
Let n be (-123)/(-9)*(2 - (-1)/1). Calculate the greatest common factor of 328 and n.
41
Let n(z) = 8*z**2 + 5*z + 7. Let v be n(-3). What is the greatest common factor of 32 and v?
32
Suppose -11 - 425 = -4*n - 4*m, -m = 3*n - 317. Calculate the greatest common factor of n and 13.
13
Let l be (-470)/(-12) - 2/12. Suppose -5*b + 4*b - 5*x + l = 0, 4*b + x = 61. Calculate the highest common divisor of 154 and b.
14
Let p(t) = -t + 14. Let k be p(-10). What is the highest common factor of 24 and k?
24
Let v(g) be the first derivative of 7*g**2 - 8*g + 1. Let n be v(10). What is the greatest common divisor of 12 and n?
12
Let r(j) = j**2 - 8*j + 1. Let p be 1 + (7 - 2) + 2. Let s be r(p). What is the greatest common factor of s and 1?
1
Suppose -3*l = l + 4*x - 52, -22 = -2*l - x. Let t(w) = w**3 - 10*w**2 + 3*w - 3. Let r be t(10). Calculate the greatest common factor of l and r.
9
Let p be (-4)/(-8) + (-21)/(-2). Suppose 0 = -6*d + 8*d - 154. What is the highest common factor of d and p?
11
Let w be (-7)/(-2) + 8/(-16). Calculate the greatest common divisor of 24 and w.
3
Let s = 169 - 103. What is the highest common factor of s and 6?
6
Let b(v) = v + 2. Let p be b(-4). Let m be (-1 - 131)*(1 + p). Calculate the highest common divisor of m and 12.
12
Let i be (4/2 + 3)*1. Let n = 8 + i. Calculate the greatest common factor of 13 and n.
13
Let d(q) = -q - 1. Let r be d(0). Let y be r + 11/((-3)/(-3)). Let g be y - 2 - 4/(-2). What is the highest common factor of g and 50?
10
Suppose -v + 3 = -0, 63 = 5*w + v. Let d be (31 + -3)/4 - -5. Calculate the greatest common factor of w and d.
12
Let s be 3/6 + 138/4. What is the greatest common divisor of 7 and s?
7
Let z = 6 + 6. Suppose -4*p = -4*t - p + 15, -5*t + 45 = 5*p. Calculate the highest common divisor of t and z.
6
Suppose -4*y + 62 = 2*h, 4*y - 8*y = 4*h - 136. Let v = -27 + h. Suppose x + 2 = 4. Calculate the greatest common factor of v and x.
2
Let n be (-3429)/(-36) - ((-6)/8)/1. What is the highest common divisor of 12 and n?
12
Let k(j) = 2*j**2 + j + 8. Let n be k(4). Let w be (0 - (-2 - 8)) + 1. Calculate the greatest common divisor of n and w.
11
Suppose -3*a - 3*s - 23 = -5*a, 5*s + 1 = -2*a. Let h = -6 + a. What is the highest common divisor of 1 and h?
1
Suppose 4 = 4*n - 32. What is the highest common divisor of n and 27?
9
Suppose 0 = -2*f + 3*f + 3*v - 41, f + 5*v - 31 = 0. Calculate the highest common factor of 42 and f.
14
Let j(i) = -90*i**2 - 4*i + 2*i + 135*i**2 + 3*i. Let c be j(-1). Calculate the highest common divisor of 4 and c.
4
Suppose 8*v - 7 - 9 = 0. Calculate the highest common divisor of v and 5.
1
Let x = -171 - -201. What is the greatest common factor of x and 270?
30
Suppose 5*y - 2*s = -0*s + 96, 2*s = -6. Let m be 222/27 - 4/y. What is the greatest common factor of m and 8?
8
Suppose -19 = 2*l - 3*l. Suppose 2*i - 16 = 5*d, d + l = 3*i - 5. Calculate the greatest common divisor of i and 8.
8
Let d = 82 + -18. Let c(p) = -p**2 - 7*p + 2. Let o be c(-6). What is the greatest common divisor of o and d?
8
Let x be (25/2)/(2/(-4)). Let g = x - -44. What is the greatest common divisor of g and 19?
19
Suppose 6*v = 9*v - 288. What is the greatest common divisor of 12 and v?
12
Suppose -14*n - 157 = -241. Let y = 4 - -2. Calculate the highest common factor of y and n.
6
Let j = -6 - -5. Let d be (j - 3)*6/(-3). What is the highest common factor of d and 56?
8
Let r(h) = 64*h**3 - h**2 + h - 1. Let w be r(1). Let d = -27 + w. Calculate the highest common divisor of 90 and d.
18
Suppose -h = 5*o - 46, 4*o + 346 = -2*h + 7*h. Calculate the highest common divisor of h and 6.
6
Let m be (4 - 2) + -2 - -2. Let u = m - -1. Let x be 2/6 - (-23)/u. Calculate the highest common factor of 88 and x.
8
Let v = -183 + 372. What is the greatest common divisor of 21 and v?
21
Suppose 0 = 2*x + t + 6, -2*t = -5*x + 3*t - 30. Let s be (-14)/x*200/14. Calculate the highest common divisor of 20 and s.
10
Suppose -3*j - 33 = -321. Calculate the greatest common divisor of 12 and j.
12
Let q = 19 + -9. What is the greatest common factor of 25 and q?
5
Suppose 0*n + 3*n = -57. Suppose 0 = 5*a - 2*a + 3*y + 75, -3*y - 104 = 4*a. Let v = n - a. What is the highest common factor of v and 70?
10
Suppose 2 + 1 = t. Let h(p) = -8*p + 2. Let g(f) = -3*f + 1. Let u(z) = 12*g(z) - 5*h(z). Let j be u(t). What is the highest common factor of 35 and j?
7
Let c = -33 + -72. Suppose f + 0*f - 155 = 0. Let u = c + f. Calculate the highest common divisor of 5 and u.
5
Suppose 2*s = 5*l + 200, -l = -2*s + 7*s + 67. Let n = -21 - l. What is the greatest common divisor of n and 168?
21
Let i(w) = -w**3 - 2*w**2 - w + 3. Let x = 2 + -5. Let d be i(x). Suppose -d - 21 = -3*g. What is the highest common divisor of g and 36?
12
Let j = 389 + -268. Let v(i) = -5*i + 1. Let c be v(-2). What is the highest common divisor of j and c?
11
Let g = -107 + 152. Let r be (-92)/(-46) + (-1*14)/(-2). What is the greatest common factor of r and g?
9
Suppose -x + 6 + 18 = -3*n, 4*n - 46 = -3*x. Let s(p) = 3*p. Let j be s(3). What is the greatest common factor of x and j?
9
Let g(c) = 13*c. Suppose 4*o - 4 = 3*o. Suppose 0 = -o*w + w - 5*i - 22, 0 = 4*w + i + 1. Let s be g(w). Calculate the greatest common factor of 13 and s.
13
Suppose 2*v = 3*n + 62, 3*v - 2*n = 90 - 2. Let f be 258/8 - 7/v. What is the highest common divisor of 80 and f?
16
Let p = 0 - 1. Let r be ((-57)/(6/(-2)))/p. Let n = r + 45. Calculate the greatest common factor of 65 and n.
13
Suppose p = 4*y - 1 + 2, 0 = -p + 3*y + 3. What is the highest common factor of p and 36?
9
Suppose -y + 5*d = -29, -y - 2*d = -6*d - 28. What is the greatest common factor of y and 96?
24
Suppose -12 + 4 = -4*m. Calculate the highest common factor of m and 22.
2
Suppose 2*g - 14 = -3*i, -4*i - i + 18 = -2*g. Calculate the greatest common factor of i and 36.
4
Suppose -2*n + 2*h + 6 = 0, 0 = -2*n - 5*h + 8 - 2. Suppose 0 = -4*j + n*j + 4. Calculate the greatest common divisor of 32 and j.
4
Let r be (10 - 0) + 30 + -35. Let b(s) = 5*s**2 + 2. Let g be b(-2). Suppose 53 = 5*d - g. What is the highest common divisor of d and r?
5
Let o(p) = 2*p**2 - 2*p - 1. Let u be o(2). Let a be 25 + (5 - u) - -3. Calculate the greatest common divisor of a and 20.
10
Let v be (0 - -4)*18/24. Suppose 0 = v*p + p - 40. What is the greatest common factor of p and 110?
10
Let l = 37 - 17. Suppose 2*b - 5*j - 15 - 20 = 0, -5*j - l = -b. What is the greatest common divisor of 135 and b?
15
Let m = -46 + 67. What is the greatest common divisor of m and 14?
7
Suppose -8*y + 49 = -y. Calculate the greatest common divisor of y and 49.
7
Suppose 16 = -4*x, -4*c - 5*x = -21 - 19. Suppose -c = j - 2*j. Suppose v + v - 25 = -3*d, 25 = 5*v. Calculate the highest common divisor of j and d.
5
Let b be (-1 + 2)*(-2 - 3). Let m(d) = -2*d**2 - 11*d + 5. Let t be m(b). What is the greatest common factor of 15 and t?
5
Let k be 5/2 - (-2)/(-4). Let w(n) = -3*n + 3*n**2 + 5 - n**2 + n**3 + 3*n**2 - 4. Let o be w(-5). What is the greatest common factor of k and o?
2
Let v be (-2)/(-11) + 8634/66. Let c = v - 65. Let z = c - 21. Calculate the greatest common divisor of 15 and z.
15
Let n be 19/4 - (-2)/8. Suppose -4*f + 2*f = -630. Suppose 0 = -n*i - 0*i + f. What is the highest common divisor of i and 9?
9
Let f = 135 - 57. Suppose 4*i = -3*h + f, h - 6 + 94 = 5*i. What is the highest common factor of i and 18?
18
Let v = -76 - -250. Suppose 3*x = 2*n + 2*n - 261, -v = -3*n - 5*x. Let y = -7 + 16. Calculate the greatest common divisor of n and y.
9
Let k(q) = -q**2 + 4*q + 2. Let v be k(-4). Let o be (v/(-3))/((-1)/(-2)). What is the greatest common divisor of o and 60?
20
Suppose -4*a - 5*c = -81, 5*a - 4*c = -0*c + 132. Calculate the highest common divisor of a and 8.
8
Let k be 25*(-2)/(-10)*2. Suppose -44*p + 1458 = 138. Calculate the greatest common divisor of p and k.
10
Let w be 19*(-3*2)/(-2). Let q be (36/(-6))/((-3)/26). Let a = q - 14. Calculate the highest common divisor of a and w.
19
Let x(l) = -45*l - 1. Let q(k) = -k**3 + k. Let c be q(0). Let z be (c - 0) +